{"id":15,"date":"2017-01-26T08:03:58","date_gmt":"2017-01-26T07:03:58","guid":{"rendered":"http:\/\/www.endotherm.ch\/WP\/mensch\/?page_id=15"},"modified":"2026-04-15T06:55:38","modified_gmt":"2026-04-15T04:55:38","slug":"vortraege","status":"publish","type":"page","link":"https:\/\/mens.ch\/?page_id=15","title":{"rendered":"Anthroposophische Vortr\u00e4ge"},"content":{"rendered":"<p>Hier gibt es <strong>H\u00f6r-Files<\/strong> zu verschiedenen anthroposophischen Vortr\u00e4gen von Andreas Heertsch<\/p>\n<ul>\n<li><a href=\"http:\/\/media.mens.ch\/KarmischeStroemungen_A_Heertsch.mp3\">Karmische Str\u00f6mungen<\/a> L\u00e4nge 1 std 1 min<\/li>\n<li><a href=\"http:\/\/media.mens.ch\/Goetheanum_Zweig.mp3\">Erkenntnisstufen Goethenaum-Zweig<\/a> L\u00e4nge 1 std 3 min<\/li>\n<li><a href=\"http:\/\/media.mens.ch\/Salzburg.mp3\">Stufen der h\u00f6heren Erkenntnis Salzburg 2017<\/a> L\u00e4nge 1 std 7 min<\/li>\n<li><a href=\"http:\/\/media.mens.ch\/Was_ist_Wahrheit_Salzburg_2018.mp3\">Was ist Wahrheit? Salzburg 2018<\/a> L\u00e4nge 1 std 8 min<\/li>\n<li><a href=\"http:\/\/media.mens.ch\/2018_Stuttgart_Stufen_der_Wahrheit.mp3\">Stufen der Wahrheit Stuttgart 2018<\/a> L\u00e4nge 35 min<\/li>\n<li><a href=\"https:\/\/media.mens.ch\/Pilatus.mp3\">Pilatus (Osterfeier am Goetheanum 2019)<\/a> L\u00e4nge 55 min<\/li>\n<li><a href=\"http:\/\/software.endotherm.ch\/DiesUndDas\/Vortaege\/Forschung_und_Meditation.pdf\" data-wplink-edit=\"true\">Forschung und Meditation<\/a> (2021, PDF mit Audio) L\u00e4nge 45 min<\/li>\n<li><a href=\"https:\/\/www.dropbox.com\/s\/1ugvpr96fhlfrlw\/SG03%20Film.mp4?dl=0\"><img loading=\"lazy\" decoding=\"async\" class=\" wp-image-392 alignleft\" src=\"https:\/\/mens.ch\/wp-content\/uploads\/sites\/4\/2023\/11\/Bild_2023-11-30_131836560.png\" alt=\"\" width=\"326\" height=\"96\" \/><\/a><br \/><a href=\"https:\/\/www.dropbox.com\/s\/1ugvpr96fhlfrlw\/SG03%20Film.mp4?dl=0\">Film im Rahmen\u00a0 der naturwissenschaftlichen Sektion<\/a>\u00a0<br \/>L\u00e4nge 30 min (Goetheanum 2023)<br \/>.\n<\/li>\n<\/ul>\n\n\n<ul class=\"wp-block-list\">\n<li><a href=\"http:\/\/media.mens.ch\/Michael_und_das_Mysterium_von_Golgatha_2024.mp3\" data-type=\"link\" data-id=\"http:\/\/software.endotherm.ch\/DiesUndDas\/Vortaege\/Michael_und_das_Mysterium_von_Golgatha_2024.mp3\">Michael und das Mysterium von Golgatha (Ansprache Osterfeier Goetheanum 2024)<\/a> L\u00e4nge 16 min<\/li>\n\n\n\n<li><a href=\"https:\/\/drive.google.com\/file\/d\/1uKN6JgHkUlzNHv9hhE72TktOO5c8Zx14\/view?usp=drive_link\">Vom Skalieren geistiger Erlebnisse (Impulsreferat Astronomische Sektion 2025)<\/a> L\u00e4nge 49 min<\/li>\n<\/ul>\n\n\n\n<hr class=\"wp-block-separator has-alpha-channel-opacity\"\/>\n\n\n\n<p><strong>Sonstiges<\/strong>:<\/p>\n\n\n\n<p>Mein Buch: Geistige Erfahrung im Alltag <a href=\"https:\/\/media.mens.ch\/Alltag.pdf\" data-type=\"link\" data-id=\"https:\/\/media.mens.ch\/\">Deutsch <\/a><a href=\"https:\/\/media.mens.ch\/SpiritualExperience.pdf\">Englisch <\/a><a href=\"http:\/\/predela.net\/modules.php?name=My_News&amp;jo=comm&amp;comm=875\">Russisch<\/a><\/p>\n\n\n\n<p>Faksimile: <a href=\"https:\/\/media.mens.ch\/Seelenkalender_Faksimile.pdf\">Rudolf Steiners Seelenkalender<\/a> f\u00fcr die Beilage zu den Zigarettenpackungen <br \/>(Zum Ausschneiden und Zusammenheften f\u00fcr ein eigenes Exemplar) <\/p>\n","protected":false},"excerpt":{"rendered":"<p>Hier gibt es H\u00f6r-Files zu verschiedenen anthroposophischen Vortr\u00e4gen von Andreas Heertsch Karmische Str\u00f6mungen L\u00e4nge 1 std 1 min Erkenntnisstufen Goethenaum-Zweig L\u00e4nge 1 std 3 min Stufen der h\u00f6heren Erkenntnis Salzburg 2017 L\u00e4nge 1 std 7 min Was ist Wahrheit? Salzburg<span class=\"ellipsis\">&hellip;<\/span><\/p>\n<div class=\"read-more\"><a href=\"https:\/\/mens.ch\/?page_id=15\">Weiterlesen <span class=\"screen-reader-text\">Anthroposophische Vortr\u00e4ge<\/span><span class=\"meta-nav\"> &#8250;<\/span><\/a><\/div>\n<p><!-- end of .read-more --><\/p>\n","protected":false},"author":1,"featured_media":0,"parent":0,"menu_order":0,"comment_status":"closed","ping_status":"closed","template":"page-templates\/full-width-page.php","meta":{"_bbp_topic_count":0,"_bbp_reply_count":0,"_bbp_total_topic_count":0,"_bbp_total_reply_count":0,"_bbp_voice_count":0,"_bbp_anonymous_reply_count":0,"_bbp_topic_count_hidden":0,"_bbp_reply_count_hidden":0,"_bbp_forum_subforum_count":0,"footnotes":""},"class_list":["post-15","page","type-page","status-publish","hentry"],"_links":{"self":[{"href":"https:\/\/mens.ch\/index.php?rest_route=\/wp\/v2\/pages\/15","targetHints":{"allow":["GET"]}}],"collection":[{"href":"https:\/\/mens.ch\/index.php?rest_route=\/wp\/v2\/pages"}],"about":[{"href":"https:\/\/mens.ch\/index.php?rest_route=\/wp\/v2\/types\/page"}],"author":[{"embeddable":true,"href":"https:\/\/mens.ch\/index.php?rest_route=\/wp\/v2\/users\/1"}],"replies":[{"embeddable":true,"href":"https:\/\/mens.ch\/index.php?rest_route=%2Fwp%2Fv2%2Fcomments&post=15"}],"version-history":[{"count":30,"href":"https:\/\/mens.ch\/index.php?rest_route=\/wp\/v2\/pages\/15\/revisions"}],"predecessor-version":[{"id":513,"href":"https:\/\/mens.ch\/index.php?rest_route=\/wp\/v2\/pages\/15\/revisions\/513"}],"wp:attachment":[{"href":"https:\/\/mens.ch\/index.php?rest_route=%2Fwp%2Fv2%2Fmedia&parent=15"}],"curies":[{"name":"wp","href":"https:\/\/api.w.org\/{rel}","templated":true}]}}